{"id":5,"date":"2021-12-04T22:52:39","date_gmt":"2021-12-04T22:52:39","guid":{"rendered":"https:\/\/jardindelaninamaria.org\/?page_id=5"},"modified":"2025-09-24T20:08:07","modified_gmt":"2025-09-25T01:08:07","slug":"home","status":"publish","type":"page","link":"https:\/\/jardindelaninamaria.org\/en\/","title":{"rendered":"HOME"},"content":{"rendered":"<div class=\"somos\">\n    <div class=\"container pd-t-50 pd-b-50\">\n        <div class=\"row\">  \n            <div class=\"col-12\"> \n                <p class=\"text-light text-center\">\n\n            In 1951, Cecilia Valbuena and Ligia Arismendi Aguirre founded Jard\u00edn de la Ni\u00f1a Mar\u00eda: An institution created to meet the basic needs of young girls sent by their families from the countryside to the city looking for better study and work opportunities. Almost seven decades later, Jard\u00edn de la Ni\u00f1a Mar\u00eda keeps on constantly working for our girls\u2019 education.<\/p>\n            <\/div>\n        <\/div>\n    <\/div> \n<\/div>\n\n\n\n<figure class=\"wp-block-gallery has-nested-images columns-default is-cropped wp-block-gallery-1 is-layout-flex wp-block-gallery-is-layout-flex\">\n<figure class=\"wp-block-image size-large\"><img loading=\"lazy\" decoding=\"async\" width=\"1280\" height=\"720\" data-id=\"572\" src=\"https:\/\/jardindelaninamaria.org\/wp-content\/uploads\/2025\/05\/IMG-20241213-WA0054-edited.jpg\" alt=\"\" class=\"wp-image-572\" srcset=\"https:\/\/jardindelaninamaria.org\/wp-content\/uploads\/2025\/05\/IMG-20241213-WA0054-edited.jpg 1280w, https:\/\/jardindelaninamaria.org\/wp-content\/uploads\/2025\/05\/IMG-20241213-WA0054-edited-300x169.jpg 300w, https:\/\/jardindelaninamaria.org\/wp-content\/uploads\/2025\/05\/IMG-20241213-WA0054-edited-1024x576.jpg 1024w, https:\/\/jardindelaninamaria.org\/wp-content\/uploads\/2025\/05\/IMG-20241213-WA0054-edited-768x432.jpg 768w, https:\/\/jardindelaninamaria.org\/wp-content\/uploads\/2025\/05\/IMG-20241213-WA0054-edited-18x10.jpg 18w, https:\/\/jardindelaninamaria.org\/wp-content\/uploads\/2025\/05\/IMG-20241213-WA0054-edited-448x252.jpg 448w\" sizes=\"auto, (max-width: 1280px) 100vw, 1280px\" \/><\/figure>\n<\/figure>\n\n\n\n<p><\/p>","protected":false},"excerpt":{"rendered":"<p>En el a\u00f1o 1951 las se\u00f1oras Cecilia Valbuena y Ligia Arismendi Aguirre encontraron una misi\u00f3n de vida: fundan el Jard\u00edn de la Ni\u00f1a Mar\u00eda con la firme intenci\u00f3n de ayudar a atender las necesidades b\u00e1sicas de las ni\u00f1as que eran enviadas por sus familias desde el campo a la ciudad en b\u00fasqueda de oportunidades laborales [&hellip;]<\/p>\n","protected":false},"author":1,"featured_media":0,"parent":0,"menu_order":0,"comment_status":"closed","ping_status":"open","template":"jnm_home.php","meta":{"_acf_changed":false,"footnotes":""},"class_list":["post-5","page","type-page","status-publish","hentry"],"acf":[],"aioseo_notices":[],"_links":{"self":[{"href":"https:\/\/jardindelaninamaria.org\/en\/wp-json\/wp\/v2\/pages\/5","targetHints":{"allow":["GET"]}}],"collection":[{"href":"https:\/\/jardindelaninamaria.org\/en\/wp-json\/wp\/v2\/pages"}],"about":[{"href":"https:\/\/jardindelaninamaria.org\/en\/wp-json\/wp\/v2\/types\/page"}],"author":[{"embeddable":true,"href":"https:\/\/jardindelaninamaria.org\/en\/wp-json\/wp\/v2\/users\/1"}],"replies":[{"embeddable":true,"href":"https:\/\/jardindelaninamaria.org\/en\/wp-json\/wp\/v2\/comments?post=5"}],"version-history":[{"count":24,"href":"https:\/\/jardindelaninamaria.org\/en\/wp-json\/wp\/v2\/pages\/5\/revisions"}],"predecessor-version":[{"id":9988,"href":"https:\/\/jardindelaninamaria.org\/en\/wp-json\/wp\/v2\/pages\/5\/revisions\/9988"}],"wp:attachment":[{"href":"https:\/\/jardindelaninamaria.org\/en\/wp-json\/wp\/v2\/media?parent=5"}],"curies":[{"name":"wp","href":"https:\/\/api.w.org\/{rel}","templated":true}]}}

<div class="somos">
    <div class="container pd-t-50 pd-b-50">
        <div class="row">  
            <div class="col-12"> 
                <p class="text-light text-center">

            In 1951, Cecilia Valbuena and Ligia Arismendi Aguirre founded Jardín de la Niña María: An institution created to meet the basic needs of young girls sent by their families from the countryside to the city looking for better study and work opportunities. Almost seven decades later, Jardín de la Niña María keeps on constantly working for our girls’ education.</p>
            </div>
        </div>
    </div> 
</div>



<figure class="wp-block-gallery has-nested-images columns-default is-cropped wp-block-gallery-1 is-layout-flex wp-block-gallery-is-layout-flex">
<figure class="wp-block-image size-large"><img loading="lazy" decoding="async" width="1280" height="720" data-id="572" src="https://jardindelaninamaria.org/wp-content/uploads/2025/05/IMG-20241213-WA0054-edited.jpg" alt="" class="wp-image-572" srcset="https://jardindelaninamaria.org/wp-content/uploads/2025/05/IMG-20241213-WA0054-edited.jpg 1280w, https://jardindelaninamaria.org/wp-content/uploads/2025/05/IMG-20241213-WA0054-edited-300x169.jpg 300w, https://jardindelaninamaria.org/wp-content/uploads/2025/05/IMG-20241213-WA0054-edited-1024x576.jpg 1024w, https://jardindelaninamaria.org/wp-content/uploads/2025/05/IMG-20241213-WA0054-edited-768x432.jpg 768w, https://jardindelaninamaria.org/wp-content/uploads/2025/05/IMG-20241213-WA0054-edited-18x10.jpg 18w, https://jardindelaninamaria.org/wp-content/uploads/2025/05/IMG-20241213-WA0054-edited-448x252.jpg 448w" sizes="auto, (max-width: 1280px) 100vw, 1280px" /></figure>
</figure>



<p></p>

<p>En el año 1951 las señoras Cecilia Valbuena y Ligia Arismendi Aguirre encontraron una misión de vida: fundan el Jardín de la Niña María con la firme intención de ayudar a atender las necesidades básicas de las niñas que eran enviadas por sus familias desde el campo a la ciudad en búsqueda de oportunidades laborales [&hellip;]</p>
