{"id":81,"date":"2021-12-04T23:51:59","date_gmt":"2021-12-04T23:51:59","guid":{"rendered":"https:\/\/jardindelaninamaria.org\/?page_id=81"},"modified":"2025-07-24T11:31:29","modified_gmt":"2025-07-24T16:31:29","slug":"quienes-somos-jnm","status":"publish","type":"page","link":"https:\/\/jardindelaninamaria.org\/en\/quienes-somos-jnm\/","title":{"rendered":"About us"},"content":{"rendered":"<div class=\"sgig\" id=\"sgig-white\">\n<div class=\"row justify-content-center align-items-center\">\n            <div class=\"col-12 col-md-6\"> \n                <div class=\"container\">  \n                    <div class=\"row\">  \n                        <div class=\"col-12 col-md-12 mg-t-20  text-right\">\n                            <h1 class=\"text-light text-large\"><strong> \u00bfWHO WE ARE? <\/strong><\/h1>\n                        <\/div> \n                    <\/div> \n                    <div class=\"row\">  \n                        <div class=\"col-12 text-right\">\n                            <h2 class=\"text-light\"> \n                                <br><strong>Welcoming<\/strong>\n                                <br><strong>with love<\/strong>\n                                <br><strong>protecting wisely<\/strong><br>\n                            <\/h2>\n                        <\/div>\n                    <\/div>\n                <\/div>\n            <\/div>\n\n            <div class=\"col-12 col-md-6 pd-0\">\n\n                <img decoding=\"async\" src=\"https:\/\/jardindelaninamaria.org\/wp-content\/uploads\/2021\/12\/FOTOS-EN-LIMPIO-QUIENES-SOMOS-02.jpg\" class=\"w-100\" alt=\"\">\n            <\/div>\n           \n        <\/div>\n   <\/div>\n    <div class=\"container pd-t-50 pd-b-50\">\n        <div class=\"row\">\n            <div class=\"col-12 text-center\">\n                <p class=\"text-blue-jnm\">\n               <strong>In 1951, Cecilia Valbuena and Ligia Arismendi Aguirre founded Jard\u00edn de la Ni\u00f1a Mar\u00eda: An institution created to meet the basic needs of young girls sent by their families from the countryside to the city looking for better study and work opportunities. Almost seven decades later, Jard\u00edn de la Ni\u00f1a Mar\u00eda keeps on constantly working for our girls\u2019 education.\n<\/strong><\/p> \n\n                <p class=\"text-blue-jnm\"> \n               <strong>Since its inception and up until 1992, Jard\u00edn de la Ni\u00f1a Mar\u00eda welcomed girls from populations hit by conflict and poverty. Then, in 1992, along with Father Ren\u00e9 Van Hissenhoven, Elvia de Mendoza, and Mar\u00eda Helena de Brigard de Henao, Jard\u00edn de la Ni\u00f1a Mar\u00eda was finally established as a non-profit entity that could provide more students with great experiences and a brighter future.<\/strong><\/p> \n            <\/div>\n        <\/div>\n    <\/div>\n\n\n\n<div class=\"frase-azul pd-t-50 pd-b-50 text-center\">\n        <h3 class=\"text-light\">\n            <strong> Jard\u00edn de la Ni\u00f1a Mar\u00eda has contributed to the education and care of:<\/strong><\/h3> \n        \n    <\/div>\n\n\n\n<div class=\"container pd-t-50 pd-b-50\">\n        <div class=\"row justify-content-center align-items-center\">\n            <div class=\"col-md-5 text-center\">\n                <img decoding=\"async\" src=\"https:\/\/jardindelaninamaria.org\/wp-content\/uploads\/2021\/12\/familias.png\" class=\"w-50\" alt=\"\">\n                <h2 class=\"text-blue-jnm\">+ 1200 families<\/h2>\n            <\/div>\n            <div class=\"col-md-2 text-center d-none d-md-block\">\n                <img decoding=\"async\" src=\"https:\/\/jardindelaninamaria.org\/wp-content\/uploads\/2021\/12\/separador.png\" alt=\"\">\n            <\/div>\n            <div class=\"col-md-5 text-center\">\n                <img decoding=\"async\" src=\"https:\/\/jardindelaninamaria.org\/wp-content\/uploads\/2021\/12\/ninas.png\" class=\"w-50\" alt=\"\">\n                <h2 class=\"text-blue-jnm\">+ 2300 Girls<\/h2>\n            <\/div>\n        <\/div>              \n    <\/div>","protected":false},"excerpt":{"rendered":"<p>\u00bfQUI\u00c9NES SOMOS? Acogiendo con amor protegiendo con sabidur\u00eda. En el a\u00f1o 1951 las se\u00f1oras Cecilia Valbuena y Ligia Arismendi Aguirre encontraron una misi\u00f3n de vida: fundan el Jard\u00edn de la Ni\u00f1a Mar\u00eda con la firme intenci\u00f3n de ayudar a atender las necesidades b\u00e1sicas de las ni\u00f1as que eran enviadas por sus familias desde el campo [&hellip;]<\/p>\n","protected":false},"author":1,"featured_media":0,"parent":0,"menu_order":0,"comment_status":"closed","ping_status":"open","template":"quien_jnm.php","meta":{"_acf_changed":false,"footnotes":""},"class_list":["post-81","page","type-page","status-publish","hentry"],"acf":[],"aioseo_notices":[],"_links":{"self":[{"href":"https:\/\/jardindelaninamaria.org\/en\/wp-json\/wp\/v2\/pages\/81","targetHints":{"allow":["GET"]}}],"collection":[{"href":"https:\/\/jardindelaninamaria.org\/en\/wp-json\/wp\/v2\/pages"}],"about":[{"href":"https:\/\/jardindelaninamaria.org\/en\/wp-json\/wp\/v2\/types\/page"}],"author":[{"embeddable":true,"href":"https:\/\/jardindelaninamaria.org\/en\/wp-json\/wp\/v2\/users\/1"}],"replies":[{"embeddable":true,"href":"https:\/\/jardindelaninamaria.org\/en\/wp-json\/wp\/v2\/comments?post=81"}],"version-history":[{"count":8,"href":"https:\/\/jardindelaninamaria.org\/en\/wp-json\/wp\/v2\/pages\/81\/revisions"}],"predecessor-version":[{"id":581,"href":"https:\/\/jardindelaninamaria.org\/en\/wp-json\/wp\/v2\/pages\/81\/revisions\/581"}],"wp:attachment":[{"href":"https:\/\/jardindelaninamaria.org\/en\/wp-json\/wp\/v2\/media?parent=81"}],"curies":[{"name":"wp","href":"https:\/\/api.w.org\/{rel}","templated":true}]}}

<div class="sgig" id="sgig-white">
<div class="row justify-content-center align-items-center">
            <div class="col-12 col-md-6"> 
                <div class="container">  
                    <div class="row">  
                        <div class="col-12 col-md-12 mg-t-20  text-right">
                            <h1 class="text-light text-large"><strong> ¿WHO WE ARE? </strong></h1>
                        </div> 
                    </div> 
                    <div class="row">  
                        <div class="col-12 text-right">
                            <h2 class="text-light"> 
                                <br><strong>Welcoming</strong>
                                <br><strong>with love</strong>
                                <br><strong>protecting wisely</strong><br>
                            </h2>
                        </div>
                    </div>
                </div>
            </div>

            <div class="col-12 col-md-6 pd-0">

                <img decoding="async" src="https://jardindelaninamaria.org/wp-content/uploads/2021/12/FOTOS-EN-LIMPIO-QUIENES-SOMOS-02.jpg" class="w-100" alt="">
            </div>
           
        </div>
   </div>
    <div class="container pd-t-50 pd-b-50">
        <div class="row">
            <div class="col-12 text-center">
                <p class="text-blue-jnm">
               <strong>In 1951, Cecilia Valbuena and Ligia Arismendi Aguirre founded Jardín de la Niña María: An institution created to meet the basic needs of young girls sent by their families from the countryside to the city looking for better study and work opportunities. Almost seven decades later, Jardín de la Niña María keeps on constantly working for our girls’ education.
</strong></p> 

                <p class="text-blue-jnm"> 
               <strong>Since its inception and up until 1992, Jardín de la Niña María welcomed girls from populations hit by conflict and poverty. Then, in 1992, along with Father René Van Hissenhoven, Elvia de Mendoza, and María Helena de Brigard de Henao, Jardín de la Niña María was finally established as a non-profit entity that could provide more students with great experiences and a brighter future.</strong></p> 
            </div>
        </div>
    </div>



<div class="frase-azul pd-t-50 pd-b-50 text-center">
        <h3 class="text-light">
            <strong> Jardín de la Niña María has contributed to the education and care of:</strong></h3> 
        
    </div>



<div class="container pd-t-50 pd-b-50">
        <div class="row justify-content-center align-items-center">
            <div class="col-md-5 text-center">
                <img decoding="async" src="https://jardindelaninamaria.org/wp-content/uploads/2021/12/familias.png" class="w-50" alt="">
                <h2 class="text-blue-jnm">+ 1200 families</h2>
            </div>
            <div class="col-md-2 text-center d-none d-md-block">
                <img decoding="async" src="https://jardindelaninamaria.org/wp-content/uploads/2021/12/separador.png" alt="">
            </div>
            <div class="col-md-5 text-center">
                <img decoding="async" src="https://jardindelaninamaria.org/wp-content/uploads/2021/12/ninas.png" class="w-50" alt="">
                <h2 class="text-blue-jnm">+ 2300 Girls</h2>
            </div>
        </div>              
    </div>

<p>¿QUIÉNES SOMOS? Acogiendo con amor protegiendo con sabiduría. En el año 1951 las señoras Cecilia Valbuena y Ligia Arismendi Aguirre encontraron una misión de vida: fundan el Jardín de la Niña María con la firme intención de ayudar a atender las necesidades básicas de las niñas que eran enviadas por sus familias desde el campo [&hellip;]</p>
